e 0*i = -9*i + 1314. List the prime factors of i.
2, 73
Let p(n) = n - 2. Let o be 2/8 - (-30)/8. Let d be p(o). List the prime factors of (2/(-4))/(d/(-24)).
2, 3
Let f(g) = -g**2 - 11*g - 19. Let u = 11 + -19. List the prime factors of f(u).
5
Suppose 5*m + 0*m = 0. Suppose 0 = y - 3*j - 2, 2*y - j - 19 = -m*j. What are the prime factors of y?
11
Let o(d) = 7*d + 178. What are the prime factors of o(0)?
2, 89
Suppose 0 = -2*u + 8, y = -3*y - 2*u + 20. Suppose y*j = j - 24. List the prime factors of (-8)/j*(-3)/(-1).
2
Suppose 0 = 4*k - l + 13, 3*l + 5 = -2*k + 2. Let v = k + 9. List the prime factors of v.
2, 3
Let p = 54 - 32. Suppose 2*h - p = -2*l, 3*l + 4 - 5 = 5*h. What are the prime factors of l?
7
Let y = 0 - -2. Suppose -y*j = j - 9. Suppose -7*p - 5*t + 32 = -j*p, 4*t = 0. What are the prime factors of p?
2
Let r be 1/3*0/(-3). Suppose r = -2*i + 5*i - 36. What are the prime factors of i?
2, 3
Let k = -35 - -79. List the prime factors of k.
2, 11
Let y = -49 - -165. Suppose 0*u = -4*u + y. What are the prime factors of u?
29
Let m(h) = h**2 + 3*h - 1. Let d be (-30)/8 - 2/8. Let i be m(d). List the prime factors of (1/(i/36))/1.
2, 3
Let b be -2 - ((-17 - -2) + 2). Let u(h) = h - 6. List the prime factors of u(b).
5
Let n(v) = -v + 12. Let s be n(7). Suppose -3*x + 1 = -s. Suppose -x*m = -3*z + 43, 6*m - m + 58 = 3*z. List the prime factors of z.
11
Let w(z) = z. Let d(l) = 2*l - 1. Let k(o) = d(o) - 3*w(o). Let b(r) = r. Let f(a) = -4*b(a) - k(a). What are the prime factors of f(-3)?
2, 5
Suppose -4*q = s - 70, s = q - 0*s - 20. What are the prime factors of q?
2, 3
Suppose c + 2*c + b = -10, 4*c = 4*b - 24. Let q = c + 9. List the prime factors of q.
5
Let d be ((-12)/8)/(1/(-2)). Let x = d + 8. List the prime factors of x.
11
Let i = 18 - 14. Suppose 34 = 2*r - 2*n, -23 = -2*r + i*n + 11. List the prime factors of r.
17
Let q be 3*((-3)/9 - -3). List the prime factors of q/6*3/2.
2
Let a(n) = 4*n**3 - 2*n + 6. What are the prime factors of a(2)?
2, 17
Let p(o) be the second derivative of o**4/12 + 5*o**3/6 - o**2 + 4*o. Suppose 4*u + 25 = -5*i - 6, u = 1. What are the prime factors of p(i)?
2, 3
Let c = 21 - -2. Let p be ((-74)/(-8))/((-2)/(-8)). Suppose -p - c = -5*z. What are the prime factors of z?
2, 3
Let a be ((-150)/(-8) - -3)*-8. Let v be ((-4)/6)/(4/a). Suppose -k = k - o - 19, 3*o + v = 2*k. What are the prime factors of k?
7
Suppose a = 3*y + 17, 3*a + 3*y = 5*a - 22. Suppose -2*x = 8, 2*g - 324 = -3*g + x. Suppose -5*f + 112 - 42 = a*j, 5*f - g = j. List the prime factors of f.
13
Suppose 4*x + 4*h + 16 = 3*x, 34 = -5*x + 3*h. Let m = x + 24. What are the prime factors of m?
2
Let l = 7 + -19. What are the prime factors of l*(3/2)/(-3)?
2, 3
Let i = -251 - -396. What are the prime factors of i?
5, 29
Let a be 6/27 + 86/18. Suppose -2 = t - 2*q, -3*t + 0*t = -3*q. Suppose -2*k - w + a*w = -16, -t*k + 10 = -w. List the prime factors of k.
2
Let r(c) = -c**3 - c**2 + 2*c + 31. List the prime factors of r(0).
31
Let h(q) = -q**3 + 2*q**2 - 4*q + 3. Suppose 5*g - 9 - 1 = 0. Let f be h(g). Let i = f + 16. What are the prime factors of i?
11
Suppose -5*r + 65 = -5*g, 5*r + 2*g + 3 = 33. Let t = r + 7. List the prime factors of t.
3, 5
Suppose -4*x + 2*u = -2*x - 28, -x - 5*u + 2 = 0. Suppose 0 = -5*a - 2*p + 15, 5*a - 5*p = a + x. What are the prime factors of a?
3
Let z = -64 + 178. What are the prime factors of z?
2, 3, 19
Let c = -79 + 131. List the prime factors of c.
2, 13
What are the prime factors of (-394)/(-26) + 2 - (-8)/(-52)?
17
Suppose 2*w = 2*z + 564, 533 = 5*w + 5*z - 877. List the prime factors of w.
2, 3, 47
Let z(n) = 2*n**2 + 5*n**2 - 2*n - 3*n**3 + 0*n - 10 + 4*n**3. What are the prime factors of z(-7)?
2
Let f be (14/21)/(2/21). Suppose -f*i = -2*i + 135. Let l = -8 - i. What are the prime factors of l?
19
Let a be 2/(-5) - (1026/(-15))/6. Let t be 1/2 + (-18)/4. Let p = t + a. What are the prime factors of p?
7
Suppose 0 = -5*t + 71 + 84. What are the prime factors of t?
31
Suppose -p - 1 + 5 = 0. Let i = 10 - p. List the prime factors of i.
2, 3
Suppose -5*c - l = -220, -4*l - l = 4*c - 176. List the prime factors of c.
2, 11
Let n be 6/3 + (-2 - 2). Let a be 10 + (-5)/((-5)/n). Suppose 1 + a = z. List the prime factors of z.
3
Suppose 55 = 6*k - k. List the prime factors of k.
11
Suppose 3*z - 817 + 282 = 4*a, -5*z + 897 = -4*a. List the prime factors of z.
181
Let g(x) = 18*x**2 - 6*x - 6. List the prime factors of g(-3).
2, 3, 29
Let t = -3 + -5. Let l = t + 23. What are the prime factors of l/(-6)*6/(-5)?
3
Suppose -3*o = 7 + 8. List the prime factors of 46 + o/((-5)/(-4)).
2, 3, 7
Suppose 3 = -4*t - 9. What are the prime factors of (-7 - -2)*t + -3?
2, 3
Let p(j) = -2*j - 1. Let z be p(10). Let k be 1/1 + -3 + 6. What are the prime factors of (-16)/6*z/k?
2, 7
Let q(s) = s**3 - 7*s**2 + 8*s - 4. Let v be q(6). List the prime factors of (34/8)/(2/v).
17
Suppose 2*d - 5*j - 105 = -0*d, -d - j = -42. Let l = 72 - d. List the prime factors of l.
3
Let a(q) = -q**3 - q**2 + 3. Let s be a(0). Let h = s + -2. Suppose o + h = 6. What are the prime factors of o?
5
Suppose 1 = y - o, -y - 4*o + 2*o + 4 = 0. Suppose y*p - 24 = 5*h + 1, -5*h - 5 = 0. What are the prime factors of p?
2, 5
Let p(m) = -2*m**2 + 8*m - 5. Let d be p(5). What are the prime factors of ((-4)/(-10))/(d/(-1200))?
2
Suppose -v + 3*w = -51, v - 42 - 30 = -4*w. What are the prime factors of v?
2, 3, 5
Let n(j) = -j**3 - 8*j**2 - 8*j + 4. Let r be n(-6). Let b = r - -28. List the prime factors of b.
2
Let n = 3 - 1. Suppose 2*u + n - 6 = 0. List the prime factors of u.
2
Let q = 340 - 190. List the prime factors of q.
2, 3, 5
Let s(q) = -q**3 + q**2 - q - 1. Let w be s(2). Let g = 29 - 41. Let f = w - g. What are the prime factors of f?
5
Suppose t = -3*f + 7, 3*t + 4*f - 2*f - 7 = 0. Let l(h) = 3*h - h - 6 + t - 2. List the prime factors of l(5).
3
Suppose k + k = -n + 16, -3*k + 15 = n. What are the prime factors of n?
2, 3
Suppose 2*j = -6 + 14. What are the prime factors of (3 - j)/(2/(-4))?
2
Suppose -4*v = -345 - 659. What are the prime factors of v?
251
Let v(s) = s + 3. Let p be v(-3). Suppose -b + 33 = l - p, -l + 45 = 5*b. What are the prime factors of l?
2, 3, 5
Suppose 3*g = 7*g - 568. What are the prime factors of g?
2, 71
Suppose z - 6 = 5*x, 0 = -3*z - z + 4. Let f = x - -4. List the prime factors of f.
3
List the prime factors of 304/24*(3 + 0).
2, 19
Let t be 2/(-5) + 186/15. Suppose t = -7*z + 3*z. What are the prime factors of (-9)/(-6)*(-22)/z?
11
Suppose 6 = 4*r - 10. List the prime factors of r.
2
Let u be (2 + -1)/((-1)/(-5)). Suppose -4*z - l + 4 = -5*l, -3*z - u*l = -27. List the prime factors of z.
2
Let i(c) = 6*c - 10. Let f(y) = -7*y + 11. Let z(o) = 3*f(o) + 4*i(o). Let r be z(-7). Let p = -16 - r. What are the prime factors of p?
2, 3
Suppose -4*j + 6*j - 318 = -2*f, 5*j - 811 = 3*f. What are the prime factors of j?
7, 23
Let r = -1 + 6. List the prime factors of r.
5
Let v(m) be the third derivative of -m**5/60 + m**4/24 + 11*m**3/3 - 3*m**2. What are the prime factors of v(0)?
2, 11
Suppose -s + 5*o - 4 = 0, 0*s - 16 = 4*s - 2*o. Let b be 14 - (0 - (1 + s)). Suppose 0*i + b = i. List the prime factors of i.
11
Suppose 5*t - 407 = 118. List the prime factors of t.
3, 5, 7
Let y(v) = 6*v**2 + 5*v - 6. List the prime factors of y(4).
2, 5, 11
Suppose 8*s - s = 812. What are the prime factors of s?
2, 29
Suppose -36 + 12 = -3*b. Suppose 10*z - 46 = b*z. List the prime factors of z.
23
Let g(h) = -h**3 + 3*h**2 + 2*h + 4. Let p be g(3). Suppose -u - p = -2*u. Let y = u - 7. What are the prime factors of y?
3
Let s = -4 - -7. Suppose s*x - 6 = 0, x + 2*x = 2*v - 6. Suppose -5*i = -i - 3*r - 14, v = 3*r. List the prime factors of i.
5
Suppose 2*w - 5*w = 18. Let k = w - -14. Let r = k + -4. List the prime factors of r.
2
Suppose 4*q - 10 = -q. Let a = -30 + 44. Suppose -q*s + 0 = -a. List the prime factors of s.
7
Let z(q) = -q**3 + 2*q**2 + 13*q - 4*q**2 + 12*q**2 - 16. What are the prime factors of z(11)?
2, 3
Suppose 0 = 4*n + n + 3*v, n = -4*v. Suppose -10 = -5*q - n*q. What are the prime factors of (0 - (-1 + 0))*q?
2
Let t(r) = -r**3 - 6*r**2 + 8*r + 8. Let u = -14 + 7. Let y be t(u). What are the prime